hat is the units digit of g(2)?
2
Let p(o) = 4*o**2 + 6*o - 3. What is the hundreds digit of p(-12)?
5
Let s = 325 + -253. What is the units digit of s?
2
Let v = 3117 - -2099. What is the units digit of v?
6
Let s(h) = -3*h + 20. Let a be s(4). What is the tens digit of 4/6*(3972/a + -6)?
2
Let u be (-1)/(-2) - (-10)/4. Suppose -8*x = -u*x - 85. Let o = 23 + x. What is the tens digit of o?
4
Let u(j) = 44*j**2 + 2 - j**3 + 2*j**3 - 47*j**2 - j. Let g be u(-2). Let i = -10 - g. What is the units digit of i?
6
Let r(m) = 4*m**2 + 5*m + 3. Let j be r(-5). Let a(y) = y**3 - 21*y**2 - 3*y + 18. Let g be a(21). Let d = j + g. What is the units digit of d?
3
What is the units digit of 53/(9 + 3010/(-335))?
1
Let d(m) = 3 + 3 + 1 + 8*m**2 - 6. Let i be d(-2). Suppose 0 = 2*x - 9 - i. What is the tens digit of x?
2
Suppose 0 = -71*n + 97363 + 69558. What is the tens digit of n?
5
Let w(m) = -m**2 + 80*m - 205. What is the units digit of w(40)?
5
Suppose 3*f - 2*z + 4456 = 6*f, -2*z - 7400 = -5*f. What is the thousands digit of f?
1
What is the hundreds digit of 4 + ((-2518)/(-7) - 28/(-98))?
3
Suppose 4*o + 3*v + 65 = 0, 4*v - 5 = 3*v. Let x be ((-1)/4)/(5/o). Suppose -q - a + 11 + 27 = 0, 0 = -a - x. What is the units digit of q?
9
Suppose 0 = 21*j - 15*j - 4524. What is the hundreds digit of j?
7
Let q(f) = f**3 + 6*f**2 - f - 3. Let a be q(-6). Suppose a*o - 270 = -k, 353 = 4*o - k - 0*k. What is the tens digit of o?
8
Let c = 72 - 102. Let x = 50 + c. What is the tens digit of x?
2
What is the units digit of (-1427 + 31)/(-2 + 0)?
8
Suppose 5*c + 4*h - 1937 = 0, 5*h = -5*c + 9*h + 1913. What is the tens digit of c?
8
Let h(a) = -353*a + 14. Let d be h(-5). Suppose -12*g + d - 219 = 0. What is the hundreds digit of g?
1
Let a(m) = -m**3 + 11*m**2 - 10. Let c be a(11). Let y be 5/(c/(-4)) + 7. Suppose -y*i + 14*i = 195. What is the units digit of i?
9
What is the tens digit of (-1)/((3/6)/((-929)/2))?
2
Suppose 26 = 3*x - 1. Let y be (-3)/(-2)*24/x. Suppose y*i - 25 - 167 = 0. What is the tens digit of i?
4
Let l be 0 - 8/(-2) - 8. Let m(o) = -10*o - 13. Let s be m(l). What is the units digit of 6/s - 80/(-45)?
2
What is the tens digit of 150/100*(-20)/(-6) - -6?
1
Suppose -15*b + 4383 = -6*b. What is the tens digit of b?
8
Suppose 4*d - 70 = -58. Suppose -5*t - 271 = -d*h, 0 = -4*h + 6*h + t - 185. What is the units digit of h?
2
Let x(d) = -3*d - 20. Let z be x(-8). Let o(c) = -z - 22*c + 0*c - c - c. What is the tens digit of o(-3)?
6
Let p = -947 - -1339. What is the units digit of p?
2
Suppose -4*p + 4*u = -2720, 4*u = -3*p + 5*u + 2032. Suppose 5*a = 214 + p. What is the tens digit of a?
7
Let v(k) = 2*k**2 - 25*k + 7. What is the thousands digit of v(-17)?
1
Let v(f) = 26*f - 14. Let m be v(-8). Let b = 327 + m. Let h = b - 56. What is the tens digit of h?
4
Let c(g) = g**2 - 3*g - 15. Let n be c(-4). Suppose -18*x = -n*x - 40. What is the units digit of x?
8
What is the thousands digit of 3367 + 2/15 + (-119)/105?
3
Suppose 24*t - 19*t = 50. Suppose -7*u + 3689 = t*u. What is the hundreds digit of u?
2
Let h(v) = 2*v**2 - 51*v + 124. What is the tens digit of h(39)?
7
Suppose 1347 = 2*c - d, -2*c + 2*d = -51 - 1301. What is the units digit of c?
1
Let g be (1 + 0)*(1 - -2). Suppose -3*y = -5*y + 5*i + 24, -4*i - 18 = -y. Suppose -y - g = -r. What is the units digit of r?
5
Suppose 0 = 17*j + 6*j - 15157. What is the hundreds digit of j?
6
Let z be 42*(-4 + (1 - -4)). Suppose -4*i = -298 - z. What is the units digit of i?
5
Let b(s) = 15*s**2 - 2*s + 10. Suppose 2*r + 0*r = 4*v, 0 = -5*r + v - 18. What is the hundreds digit of b(r)?
2
Suppose -7*k = 96 + 1101. Let c = 295 + k. What is the units digit of c?
4
Let d be (-10 + 148)*(-2)/(-3). Suppose 3*v - 159 = -o + 150, -4*o = v - d. What is the units digit of v?
4
Let y(j) = j**3 + 9*j**2 - j - 12. Let d be y(-6). What is the units digit of (2/4)/(1/d)?
1
Let v be ((-242)/(-2))/(3/15). Suppose 0 = 3*j + 15, -5*s - 2*j + 3*j + v = 0. Let x = s + -86. What is the units digit of x?
4
Let f(i) = 2*i**2 - 45*i - 38. What is the tens digit of f(26)?
4
Let c(o) = -13*o**2 + 29*o**2 - 8*o**2 + 2*o. What is the tens digit of c(2)?
3
Let x = 124 - 122. Suppose -f + 136 = x. What is the units digit of f?
4
Let h(d) = -4*d**2 - d - 5. Let u(f) = 5*f**2 + f + 6. Let j(i) = -6*h(i) - 5*u(i). Let p be j(1). What is the units digit of (p - 1)*(0 + -4)?
4
Let p be (4 + -2)*(-21)/6. Let o(x) = -10 - 20*x**2 + 36*x**2 + x**3 + 3*x - 9*x**2 - 13*x. What is the tens digit of o(p)?
6
Let p(r) = r**2 + 58*r - 8. What is the thousands digit of p(16)?
1
Let a be (2 - (2 + -98))/1. Suppose -4*s + a = -5*j - 98, -4*s + 4*j = -192. Let y = s - 29. What is the units digit of y?
5
Let b = -33 - -37. Suppose -18 = -b*u + u. What is the units digit of u?
6
Let q = 84 - 90. Let v(s) = -2*s - 10. What is the units digit of v(q)?
2
Let d = -33 - -15. Let m be -2 + ((-4)/2 - d). Suppose 10*r = m*r - 180. What is the units digit of r?
5
Let x(v) = 26*v - 364. What is the hundreds digit of x(61)?
2
Let v(l) = -3*l**3 + 4*l + 1257. What is the hundreds digit of v(0)?
2
Suppose -l = d - 4*d - 17, d + 1 = -2*l. Suppose -l*z - 47 = -k, -4*k - 5*z + 188 = -0*z. What is the units digit of k?
7
Let u = 440 + -275. What is the hundreds digit of u?
1
Suppose -2*h - 5*c + 8 = 0, -h - c = -4*c + 7. Let w be h/4 - (-5)/4. What is the units digit of (3/4)/(w/4)?
3
Suppose 1007 = 4*u - 245. What is the hundreds digit of u?
3
Suppose 13*r - 9*r = -2*u + 1594, 0 = -4*r + 5*u + 1559. What is the hundreds digit of r?
3
Let h(w) be the first derivative of 1/2*w**2 + 9*w - 4. What is the units digit of h(-7)?
2
What is the thousands digit of 2/(-2) - (-12)/(132/36553)?
3
Suppose -4200 = 2*i - 16*i. Suppose -w + i = w + c, 0 = -2*w - 3*c + 300. What is the units digit of w?
0
Suppose -15*k = -17648 + 1598. What is the thousands digit of k?
1
Let f(c) = c + 6. Let t be f(-2). Suppose -3*i + 294 = 2*z, 460 = 3*z + t*i - 9*i. What is the tens digit of z/(-9)*12/(-8)?
2
Suppose -2*l + 3*c - 4 = 7*c, 4*l - 40 = 4*c. Suppose l*x = -218 + 1448. What is the tens digit of x?
0
Let b(x) = x**2 - 3*x + 3. Let o be b(4). Suppose -o = 5*n - 32. Suppose -n = -4*h - h. What is the units digit of h?
1
Suppose d + 4*t - 5*t - 3 = 0, 2*d - 5*t = 0. Suppose 0*r - 97 = -y + 3*r, 97 = y + d*r. What is the tens digit of y?
9
Let z(l) = -l + l**2 + 3*l + 0*l**2. Let k = -236 + 238. What is the units digit of z(k)?
8
Let r = -2746 + 4622. What is the hundreds digit of r?
8
Suppose -s = -0*s - 91. Suppose 0 = -2*c + 31 + s. Suppose -56 = -3*j + c. What is the units digit of j?
9
Suppose -2*s = -u + s, 2*s = 3*u - 28. Suppose -5*m = -u*m - 7. Let i = 11 + m. What is the tens digit of i?
1
Let r be 1 - 52/(-2) - -1. What is the tens digit of (2 - -2) + 2 + r?
3
Suppose -4*z + 2088 = -2*b, 2092 = -2*z + 6*z - 3*b. What is the units digit of z?
0
Suppose -27*t + 14694 = 4*t. What is the units digit of t?
4
Suppose 5*v - 10*v + 1830 = 0. What is the tens digit of v?
6
Suppose 0 = -17*r + 27486 - 7834. What is the hundreds digit of r?
1
Suppose 3*h + 5 + 1 = 0. Let w be 1383/(-9) - h/3. Let s = -96 - w. What is the units digit of s?
7
Let v be 0 + 6*(-6 - -4). Let y be 28/v*(2 - 23). Let h = -34 + y. What is the units digit of h?
5
Suppose 157 = 2*i + 6*x - 7*x, 56 = i + 4*x. What is the tens digit of i?
7
What is the units digit of 5/(15/6) - (-1140)/4?
7
Suppose 4*f - 368 = 2*c, -3*f - 9*c + 4*c = -263. What is the units digit of f?
1
What is the units digit of 1/(-4) - 3*(-831)/36?
9
Let v(q) = 44*q**2 - 10*q**3 - 44*q**2 + q. Let w be v(-1). Suppose 2*s - 37 = w. What is the units digit of s?
3
Let z = -1 - -4. Suppose z*o + 235 = -2*o. Let j = 80 + o. What is the tens digit of j?
3
Let i = -83 - -223. Suppose 2*s - i = -2*s. What is the units digit of s?
5
Suppose -21*h = -2985 - 1740. What is the units digit of h?
5
What is the units digit of (-1)/(-4) + (61479/36 - 11)?
7
Suppose -4*a + 20 = 0, -a - 1790 = -5*d - 4*a. What is the units digit of d?
5
Let l be 1*-35*24/(-40). Suppose -m - l = -0*m. Let n = m + 58. What is the tens digit of n?
3
Let n(s) = 47*s + s**2 + 27 - 47*s. Let o(c) = -2*c - 6. Let w be o(-3). What is the tens digit of n(w)?
2
Let d(s) = 43*s + 11.